ded by (-92)/(-9) - (0 + (-4)/r).
9
Suppose 14*z - 12 = 10*z. Suppose u = c + 2*u - 44, -4*c = z*u - 174. Suppose h + 35 = 5*f - 24, -2*h - 8 = 0. What is the remainder when c is divided by f?
9
Suppose -906*v + 884*v + 44 = 0. Suppose -65 = -4*c + 11. Suppose -4*m - 10 = -2*t + 24, -2*t = -m - c. What is the remainder when t is divided by v?
1
Suppose 6 = -3*a, 4*w + a + 1092 = 9*w. Calculate the remainder when w is divided by 44.
42
Suppose 3*z = 5*t - 609, 0*t = -2*t + z + 244. Suppose 0 = -5*v + 10 + 80. What is the remainder when t is divided by v?
15
What is the remainder when 1821 - -18 - (-1)/((-1)/6) is divided by 14?
13
What is the remainder when -3 + 12 - 18 - -117 is divided by 20?
8
Suppose m + 4 = 3*m. Suppose -m*i = -45 + 7. What is the remainder when 74 is divided by i?
17
Let l(u) be the second derivative of -u**3 - 21*u**2/2 - 6*u. What is the remainder when l(-6) is divided by 9?
6
Suppose 128*w = 104*w + 384. Calculate the remainder when 412 is divided by w.
12
Suppose -45 = -2*a + 5. Suppose 6*k = 3*k - 33. Let b = k - -18. Calculate the remainder when a is divided by b.
4
Let r = 822 - 772. What is the remainder when 167 is divided by r?
17
Let t(f) = f**2 - 11*f + 8. Let l(a) = -a**3 + a**2 + 9*a - 6. Let u be l(6). Calculate the remainder when (u/(-8))/(9/12) is divided by t(0).
6
Let g(q) = -q**2 - 15*q - 29. Let n be g(-12). Suppose -5*c + 436 = -n*f + 4*f, c + 3*f = 98. What is the remainder when c is divided by 10?
9
Let w = -139 - 27. Let l = -77 - w. What is the remainder when l is divided by 13/26*(44 + 2)?
20
Let y(x) = x**2 + 22*x + 27. Let o be y(-15). Let q = o + 80. What is the remainder when 6 is divided by q?
0
Suppose 0 = -2*p - 5*o + 96, 0 = -2*p - o - 13 + 109. Suppose 0 = -g - 2*z - 3*z + 46, -5*z + 67 = 2*g. What is the remainder when p is divided by g?
6
Suppose -4*f + 3*f = -125. What is the remainder when f is divided by 21?
20
Let y(d) = -d**3 - 2*d**2 - 2*d - 3. Calculate the remainder when y(-3) is divided by (-6 - 155/(-25))*5*5.
2
Let w(a) = -3*a**3 - 3*a. Let t be w(2). Let k = t - -28. What is the remainder when 71 is divided by k/(-14) + (-1328)/(-112)?
11
Let r = -17 - -55. What is the remainder when 149 is divided by r?
35
Suppose 3*s = 2*c + 91, -2*s + 0*s = 10. Let a = c - -89. What is the remainder when 66 is divided by a?
30
Let j = -54 - -247. What is the remainder when j is divided by 85?
23
Suppose -15*g + 10*g + 30 = 0. Let s(r) = 4*r + 3. Calculate the remainder when 106 is divided by s(g).
25
Suppose 0*c - 4*c = -h - 3, 3*c + 19 = 5*h. Suppose 3*t - 5*t = -h*s + 47, -4 = 4*t. What is the remainder when -5*2/((-6)/21) is divided by s?
8
Let n = -35 - -80. Calculate the remainder when n is divided by -1 + -2 - (-27)/1.
21
Let o(f) = f**2 + f - 7. Let y = -9 + 12. Let r be o(y). Suppose -r*z - 34 = -64. What is the remainder when 14 is divided by z?
2
Let k(l) = l**2 - 3*l + 47. What is the remainder when 188 is divided by k(6)?
58
Let p = -126 - -259. What is the remainder when p is divided by 68?
65
Let n(d) = 3*d - 88. Let z be n(30). Let f(l) = 14*l**2 + l - 1. What is the remainder when f(1) is divided by (1 - (-2)/z)*(21 - 17)?
6
Let a = -101 - -104. Calculate the remainder when 6 is divided by a.
0
Let q be (0 + 3)*(-3 - -4). Suppose q*m - 33 = -3*u + 2*u, 0 = -3*u. Suppose 58 = m*c - 9*c. What is the remainder when c is divided by 10?
9
Let g(k) be the second derivative of k**5/20 - 13*k**4/12 + 7*k**2/2 - 18*k. What is the remainder when 26 is divided by g(13)?
5
Suppose -4*v = 2*d - 58, -3*d + 39 = 3*v - 0*d. What is the remainder when 221 is divided by v?
13
Suppose 0 = -3*d + 5 + 1. Suppose 4*r - 2*b - 18 = 46, d*r = -b + 24. Suppose 3*f = r + 1. What is the remainder when 19 is divided by f?
4
Suppose -2*f + 16 + 28 = 0. Let c = f - 13. Calculate the remainder when 17 is divided by c.
8
Let b(c) = -c**2 - 10*c - 9. Suppose -5*x + 3*p - 43 = 0, -x + 0 - 4 = 4*p. Let n = 29 - 24. What is the remainder when b(x) is divided by n?
2
Calculate the remainder when 672/36*(-72)/(-14) is divided by 47.
2
Suppose 4*q - 3252 = 1384. Calculate the remainder when q is divided by 58.
57
Let g(i) = i**3 + 18*i**2 + 19*i + 46. What is the remainder when 128 is divided by g(-17)?
8
What is the remainder when (-2 + (-12)/3)/((-14)/2303) is divided by 15?
12
Let i be (-4)/(-22) + 403/143. Suppose 0 = i*c - 26 - 13. Calculate the remainder when 38 is divided by c.
12
Calculate the remainder when (-440)/(-6)*117/156 is divided by 30.
25
Let y(g) = 5*g**2 - 77*g - 20. Calculate the remainder when 89 is divided by y(16).
5
Let p = 12662 + -12657. Suppose 8 = 2*u + 4*s, u = -3*s - 0*s. What is the remainder when u is divided by p?
2
Suppose -5*z = -3*l - 75727, -5*z = 3*l + l + 100946. Calculate the remainder when l/(-329) + (-3)/((-42)/4) is divided by 16.
13
Let g(i) be the third derivative of i**5/60 + i**4/24 - 17*i**3/6 + 4*i**2. What is the remainder when 6 is divided by g(4)?
0
Let a(q) = q**2 + 22*q + 30. Calculate the remainder when 25 is divided by a(-21).
7
What is the remainder when 22 is divided by ((-91)/78 + 6/4)*12?
2
Let l(j) = 18*j**2 - j - 1. Let y = 197 + -177. Calculate the remainder when l(3) is divided by y.
18
Let n(d) = 98*d. Let g be n(1). Suppose g = -h + 3*h. Let y(o) = o**3 + 34*o**2 + 56*o - 239. What is the remainder when h is divided by y(-32)?
15
Let x = 23 - 34. Let r(t) = -t**2 - 12*t. What is the remainder when r(x) is divided by 4?
3
Suppose 6*w + 17 = 7*w - 2*u, 3*w - 2*u = 55. What is the remainder when w is divided by 15?
4
Suppose 61*s - 63*s + 706 = 0. Calculate the remainder when s is divided by 62.
43
Suppose -5*o + 7 = -3*z, 2*o = z + 4*o - 5. Suppose 3*q - 2*q - z = 2*x, q = -x + 13. What is the remainder when 44*q/((-18)/(-4)) is divided by 30?
28
Suppose 5*o = -20, 10*o - 14*o = -3*f + 208. What is the remainder when 176 is divided by f?
48
Suppose -144 = 29*m - 41*m. What is the remainder when 34 is divided by m?
10
Let l(o) = o**3 - 14*o**2 + 6*o + 11. Let k be l(14). Let p = 142 - k. Calculate the remainder when p is divided by 16.
15
Let f = -2558 - -128. What is the remainder when 65 is divided by f/(-126) + (-16)/7 + 2?
8
Let q = 21 - 14. Suppose -162 = -q*b + 4*b. Let y = 175 - b. Calculate the remainder when y is divided by 31.
28
Suppose 20 = 2*n - 28. Suppose 2*l - 36 + n = 0. Calculate the remainder when 26 is divided by l.
2
Suppose -2*z + 0 = -16. Calculate the remainder when 14 is divided by (-4)/(-6)*36/z.
2
Let t(u) = 3*u + 1. Let k(v) = 2*v**2 - v + 6. Let r(b) = b - 1. Let p(g) = k(g) + 4*r(g). Calculate the remainder when p(-3) is divided by t(1).
3
Let a(n) = -5*n**2 - 30*n + 85. Let u(i) = 14*i**2 + 90*i - 254. Let k(j) = 17*a(j) + 6*u(j). What is the remainder when 226 is divided by k(25)?
42
Let y be (-3 + -9)*(-94)/6. What is the remainder when 5/(30/y)*12/8 is divided by 17?
13
Suppose 7540 = 5*p - 1370. Let a be p/(-48) - (-2)/16. Let x = 13 - a. Calculate the remainder when x is divided by 13.
11
Let a(o) = -o**2 - 4*o - 2. Let h be a(-11). Let r = -49 - h. Let j = 7 + 10. Calculate the remainder when r is divided by j.
13
Let w be -78*(-3 + (-1 - -5)). Let c = 141 + w. What is the remainder when c is divided by 22?
19
Suppose 29*d - 4*r = 31*d - 250, -614 = -5*d + r. Calculate the remainder when d is divided by 15.
3
Let i(o) = -o**2 - 5*o + 1. What is the remainder when (3 - (-66)/3) + -2 is divided by i(-4)?
3
Suppose -13*n = -18*n - 30. Let d(c) = -12*c - 10. What is the remainder when d(n) is divided by 21?
20
Let s = -2193 + 2263. Calculate the remainder when s is divided by 12.
10
Suppose 0*o - 36 = -3*o. Suppose -3*f - 156 = f. Let j = f - -73. What is the remainder when j is divided by o?
10
Suppose 14 = 3*u + 8. Suppose 5*c - 943 = u*v - 333, 5*c - v = 615. Suppose -c - 11 = -5*i. What is the remainder when 105 is divided by i?
24
Let v = 350 + -345. Calculate the remainder when 78 is divided by v.
3
Suppose 11*f + 108 = 9*f. Let i be 52/9 - (-2)/9. Calculate the remainder when 17 is divided by f/4*i/(-9).
8
Calculate the remainder when (0 + 212)*(-1 + 15/12) is divided by 19.
15
Suppose 0 = -2*y - 2*y + 604. Suppose g = 4*j + 30, -12*g + 7*g - j = -108. What is the remainder when y is divided by g?
19
Le